pose g*d = 12 + 123. What is the tens digit of d?
2
Let l = 0 + 1. Let c be 3*(-1)/(-1)*l. Suppose 0 = c*s - 0*s - 72. What is the units digit of s?
4
Let l = -358 - -142. Let i = 126 + l. Let p = i - -153. What is the tens digit of p?
6
Suppose 0 = 3*s - p - 726, -s - 7*p = -4*p - 242. What is the units digit of s?
2
Let a = 1940 + -1355. What is the hundreds digit of a?
5
Let t(j) = -55*j + j**2 + 20*j + 22*j + 21*j. What is the units digit of t(-18)?
0
Let q be 559/4 + 6/(-8). Let m = -10 + q. What is the units digit of m?
9
Let c(i) = -i**3 - 18*i**2 + 22*i + 64. Let h be c(-19). Suppose 22 = 4*q - 3*j, -13 = q - 2*q - 3*j. What is the tens digit of q/(h/4) - -25?
2
Let z(v) = -2*v**3 - v**2 - v + 17. What is the hundreds digit of z(-7)?
6
Let u be (-3)/(-8) + 52/32. What is the tens digit of (2 - 15)/(0 + u/(-30))?
9
Let x = 4459 - 2557. What is the tens digit of x?
0
Suppose -23*b + 2733 = -22*b. Suppose -12*h - 897 + b = 0. What is the tens digit of h?
5
What is the tens digit of 6531/105 - (-2)/(-10)?
6
Let r be -109 + 4/(-1 - (4 - 6)). What is the units digit of 187/5 + (-14)/r*-3?
7
Let r = 100 - -349. Let n = 637 - r. What is the units digit of n?
8
Suppose 0 = 20*p + 150 + 30. Suppose 20 = -5*b, -4*b + 28 = x + 3*x. What is the units digit of (x/(-3))/(3/p)?
1
Let y = 280 - 246. What is the units digit of y?
4
Suppose 2*g - 11 = g - 5*d, 44 = 4*g + 2*d. Suppose -3*x + 2*c = -5*x + 2, 5 = x - c. Suppose 2*b + 2 - g = 5*m, x*m + 1 = -b. What is the units digit of b?
2
Let f(u) = u**2 + 8*u + 9. Let j be f(-6). Let v be ((-10)/(-6))/((-1)/j). Suppose q - 27 = -v*b, -5*q + 2*b - 10 = -2*b. What is the units digit of q?
2
Suppose -4235 = 124*x - 129*x. What is the tens digit of x?
4
What is the hundreds digit of 18/12 - 3099/(-6)?
5
Suppose 3 = -3*g - 12, 3*g = 3*y - 21. Suppose 0 = y*b - 3*b - 4*a + 34, 2*a + 154 = 4*b. What is the units digit of b?
8
Suppose 0 = -2*x - 106 - 60. Let a = x + 135. What is the tens digit of a?
5
Let k(u) = -u**3 - 12*u**2 + 13*u - 2. Let c be k(-13). Suppose -5*p + 33 = 163. What is the tens digit of (c - -5 - p)*1?
2
Suppose -38*w + 37*w + 7 = 0. Let h(k) = k**2 - 3*k + 14. What is the units digit of h(w)?
2
Let c = 16 + -10. Let h(m) = m**2 + 1. Let d be h(c). What is the tens digit of -2 + d + 2/2?
3
Let h be 6/9*-3*(2 + -3). Suppose 4*x + 4*l - 236 = 116, -h*x + 166 = 4*l. What is the tens digit of x?
9
Let y(u) = -58*u + 473. What is the hundreds digit of y(-8)?
9
Let m(a) be the second derivative of a**3/6 + 9*a**2 + a. What is the tens digit of m(8)?
2
Let p = 35 - -2. Let s = p - -29. What is the units digit of s?
6
Let s(i) = -78*i + 153. What is the units digit of s(-11)?
1
Let g = -370 - -262. What is the units digit of (4/12)/((-4)/g)?
9
Let d = -51 - -57. Suppose 0 = 5*s - d*s + 121. What is the hundreds digit of s?
1
Let h(x) = 470*x**3 - 5*x**2 + 17*x - 3. What is the units digit of h(2)?
1
Suppose -50*p + 48*p + 3727 = -d, -3*p + 5598 = -3*d. What is the hundreds digit of p?
8
What is the hundreds digit of ((-21384)/(-36))/(1 + 1)?
2
Suppose 5*k + 384 = r, -5*r + 5*k - 6*k + 1998 = 0. What is the tens digit of r?
9
Suppose -5*c - 3*s = 1, s - 3*s = -4*c - 14. What is the tens digit of (-55)/c + 2/4?
2
Suppose -6*u = -962 - 2062. What is the hundreds digit of u?
5
Suppose -3*w - 4*n + 6 = -0*w, 5*w - 10 = -n. Let y = 32 + 41. Suppose -k + y + 5 = 3*a, -3*k + 52 = w*a. What is the units digit of a?
6
Suppose -8*y - 43 - 5 = 0. Let n be 1 + -15 + 0 + 2. Let g = y - n. What is the units digit of g?
6
Let t(j) = 6*j**3 + 2*j**2 - 2*j - 3. What is the units digit of t(3)?
1
Suppose -5567 = 21*y - 40*y. What is the hundreds digit of y?
2
Let k(m) = m + 11. Let x = -34 - 256. Let n be x/(-30) + (-2)/(-6). What is the tens digit of k(n)?
2
What is the hundreds digit of -11*(-642)/9 + 12/(-18)?
7
Let f = -12 - -7. Let v(h) be the third derivative of h**6/120 + 2*h**5/15 + h**4/8 + h**3/6 + 70*h**2 + 3*h. What is the tens digit of v(f)?
6
Let h be 4/(-2)*(7 + -8). Suppose -h*c + 6*c = 84. Suppose 3*u + c = 75. What is the units digit of u?
8
Suppose 0 = -3*w - 3*z + 12, 0 = -4*w - 0*w - 2*z + 12. Suppose -w*f - 14 = -3*f. What is the units digit of (-133)/(-49) + 4/f?
3
Let z be (-184)/(-24) + 1/3. Let d = z - 6. What is the units digit of 79/9 + d/9?
9
Let j = -25 + 48. Suppose u - j - 6 = 0. What is the tens digit of u?
2
Let s(l) = -175*l + 19. What is the hundreds digit of s(-2)?
3
Let o(t) = -9*t + 2. Let y(a) = -4*a + 2. Let s be y(2). What is the tens digit of o(s)?
5
Let t be 42*(12/(-9))/(-4). Let j = 6 + t. Let a = j - 9. What is the tens digit of a?
1
Suppose -3*z - 2*b - 370 = 0, 558 = -5*z - 4*b - 56. Let w = 194 + z. What is the units digit of w?
8
Let x(w) be the second derivative of -w**3/2 - 27*w**2/2 + 13*w. What is the units digit of x(-12)?
9
Suppose 3*t = x + 12 + 2, 4*x + 56 = -3*t. Let f be (-60)/x - (-4)/(-14). Suppose -f*p = p - 145. What is the tens digit of p?
2
Suppose 0 = 14*i + 19*i - 6105. What is the hundreds digit of i?
1
What is the tens digit of 2509 + -75 - ((-3)/(-1) - -2)?
2
Suppose 43*t + 1516 = 45*t. What is the hundreds digit of t?
7
Let w(m) be the first derivative of 23*m**2/2 + 12*m + 18. What is the tens digit of w(2)?
5
Let j(a) = 6*a + 9. Let f be j(7). Suppose n = -0*n + f. Let z = n + -19. What is the tens digit of z?
3
Let b(t) = 2*t**2 + 9*t - 8. Let y be b(-7). What is the units digit of (-36)/y - 554/(-6)?
1
Suppose 0 = -6*n + 1410 + 1002. What is the hundreds digit of n?
4
Let t(j) = -j - 18. Let u be t(-23). Suppose -u*v - 226 = -3*i, 5*v - 82 = i - 2*i. What is the units digit of i?
7
What is the hundreds digit of 227 - (4 - 6)*(-10)/4?
2
Let i = -96 + 596. What is the hundreds digit of i?
5
Suppose 16*d = 36*d - 28460. What is the units digit of d?
3
Suppose 13*m - 3901 = 2222. What is the tens digit of m?
7
Let i = -40 + 26. Let k = 1 - i. Let w = 20 - k. What is the units digit of w?
5
Let j(g) = 9 + 21*g - 17*g**2 + 7*g**2 + 11*g**2. What is the tens digit of j(-22)?
3
Let u(x) = x - 13. Let c be u(17). Suppose 4*i + 74 = 2*l, -c*i = -l + 8 + 25. What is the units digit of l?
1
Let z(g) = -g**2 - 6*g - 4. Let h be z(-4). Let i be (1 - -4)*(3 + -2). Suppose -2*r - 5*c + 71 = 0, -h*r + 185 = i*c + 38. What is the units digit of r?
8
Suppose 0 = 8*k - 13*k + 5185. What is the units digit of k?
7
Let v(i) = -i**3 + 19*i**2 - 57*i + 11. What is the units digit of v(15)?
6
Let v(x) be the first derivative of -3*x**2 + 2*x - 1. What is the units digit of v(-6)?
8
Let m = 9 - 4. Suppose -m*k = -k + 52. What is the units digit of (14 + k)*(-56)/(-1)?
6
Let i(x) be the second derivative of -x**5/20 + 5*x**4/4 - 8*x**3/3 - 21*x**2/2 + 11*x. What is the hundreds digit of i(13)?
1
Let x(n) = 17*n**2 - n + 1. Let t be x(1). Suppose -95 + 11 = -7*a. Let v = t - a. What is the units digit of v?
5
Let c(i) = -36*i + i**2 - 3 + 36*i. Let n = -10 - -5. What is the units digit of c(n)?
2
Let l = 0 + 1. Let u be (l/3)/(3/(-981)). Let n = -72 - u. What is the tens digit of n?
3
Let s = 12 + 48. Suppose 26 + s = g. What is the tens digit of g?
8
Let v be 12/(-6) - 6*1. Let o be 1 + v + (-2 - -5). Let l = o + 53. What is the units digit of l?
9
Let x = -4 - -8. Suppose -5*d = 3*a - 225, 0 = -x*a + a. Suppose -6*v + d = -3*v - 3*c, -61 = -3*v - 5*c. What is the tens digit of v?
1
Let p(g) = g**3 - 5*g**2 + 5*g - 4. Let w be p(6). Let v be -1*(w/(-2) - -2). Suppose a - v = -2*s, a = -4*a + 5*s + 100. What is the units digit of a?
3
Let y = 51 - 19. Let c = y - 17. What is the units digit of 15 + c + 0/1?
0
Let f = -419 + 536. What is the hundreds digit of f?
1
Let h be 6/(-9) + ((-8684)/(-6))/(-1). Suppose 0 = -3*q - 20 - 1. What is the units digit of h/(-28) + (-2)/q?
2
What is the thousands digit of (2 - 1)/((-40)/(-57520))?
1
Suppose -26*r + 16742 = -30292. What is the thousands digit of r?
1
Let i be 7896/132 + (-4)/(-22). Suppose 0 = d - i + 20. What is the units digit of d?
0
Let g(n) = -2*n**3 - 20*n**2 - 21*n + 42. What is the units digit of g(-13)?
9
Suppose -p - 3*p = 0. Suppose p = -7*a + a + 336. What is the units digit of a?
6
Let i be ((-2)/6)/((-4)/72). Let j be 16/10 - i/(-15). What is the tens digit of 29 + (-2 + 1 - j)?
2
Let c(d) = -d**2 - 7*